 -13 - -17. Calculate the highest common divisor of 10 and k.
2
Let v(o) = o**3 - 6*o**2 + 7*o - 1. Let b = -1 - -6. Let g be v(b). Let d(c) = 3*c. Let f be d(6). Calculate the highest common divisor of f and g.
9
Let q(k) = 9*k**2 - 7*k - 3. Let z be q(-3). What is the greatest common divisor of 9 and z?
9
Suppose -d + 6 = 5*g, 1 = -3*d + 3*g + 55. What is the highest common factor of 464 and d?
16
Let l = 25 + -8. Let o = l + -9. Let y = 25 - o. What is the highest common factor of 51 and y?
17
Let c be (6 - -1)*(-19)/(171/(-18)). What is the highest common divisor of 42 and c?
14
Let w be 9/(0 - 3/(-3)). Suppose -3*x - 3 = -w. Suppose -4*q = -x*q - 18. What is the greatest common divisor of q and 81?
9
Let c(o) = -o**2 + 32. Let v be c(0). Calculate the highest common factor of v and 4.
4
Let u = 6 - 5. Let g = 22 - u. Let h = 3 - 0. What is the highest common divisor of g and h?
3
Suppose 0 = c - a - 30, 4*c - 27 - 96 = a. Let i = c - 13. What is the greatest common divisor of 18 and i?
18
Suppose -3*l - 2*d = 32, -5*l + 5*d - 21 = -1. Let k be (l/3)/(2/(-33)). Calculate the highest common factor of k and 22.
22
Suppose 0*d - 6 = -2*d, 0 = -3*c - 2*d + 12. Suppose 4*q = -4*l + 4, 3*l = -c*l - 15. Calculate the highest common divisor of q and 2.
2
Let i = -36 - 37. Let c = 113 + i. Suppose -3*p - p = 4*r - c, 0 = -4*p + 2*r + 70. What is the highest common divisor of p and 105?
15
Suppose 72 = 5*h - h. Calculate the greatest common factor of 90 and h.
18
Suppose 0*n + 4*n - m - 77 = 0, n - m - 17 = 0. Let h = 210 + -130. Calculate the greatest common factor of n and h.
20
Let d(a) = a**2 + 20*a + 10. Let r be d(-20). Let i(p) = 30*p**3 - p**2 + 1. Let s be i(1). Calculate the highest common divisor of s and r.
10
Let o = 4 + 4. Let z(j) = -j**3 - j**2 + 2*j. Let y be 2/6 + 26/(-6). Let m be z(y). Calculate the greatest common divisor of o and m.
8
Let l be (-2068)/(-33)*-1*(-5 - 1). Calculate the highest common factor of 47 and l.
47
Let o = -2 + 34. Let k(b) = b**2 + 2*b + 1. Let i be k(-3). Calculate the greatest common factor of i and o.
4
Suppose -n + 3*n - 218 = 0. Let s = -78 + n. Let l = s - -5. What is the highest common factor of l and 4?
4
Suppose 4*m - 35 - 25 = 0. What is the highest common factor of m and 45?
15
Let z = -1 - -3. Let c = 119 + -53. Suppose -z*p - f = -89 - c, 0 = -5*p - 3*f + 388. Calculate the highest common divisor of p and 11.
11
Suppose -2*y - 4*u - 32 = 0, 3*y + 72 = -0*y + 2*u. Let p = y + 42. What is the highest common divisor of p and 220?
20
Suppose 0 = 2*l - 1 + 5, 5*l + 20 = 2*o. Let w = 7 - 12. Let p(s) = -s**2 - 5*s + 5. Let r be p(w). What is the highest common factor of o and r?
5
Let f be (-4)/6 - (-801)/27. Suppose -4*o = -51 - f. Calculate the highest common divisor of 8 and o.
4
Let x(z) = 2*z**2 + 2*z - 1. Let d be (-1)/(-2)*(-4)/(-2). Let i be x(d). Calculate the highest common factor of i and 30.
3
Let n = 426 - 411. Let z(h) = 4*h**2 + 3*h - 1. Let s be z(4). Calculate the greatest common factor of s and n.
15
Suppose 0 = q - 1 - 0. Suppose -5*l - 5*g = 10 + 5, g + q = -2*l. Suppose -l*u = -3*u + 14. What is the highest common factor of 7 and u?
7
Suppose 0 = -q + 2*q. Suppose 0 = c + 2*s - 9, -s + 8 = 4*c - q*s. Let k = 13 - c. Calculate the highest common divisor of 36 and k.
12
Let r = 26 + -18. Let u = r - 6. Suppose 0 = 4*o - 3*x - 23, o + u*o + x = 27. Calculate the highest common divisor of 20 and o.
4
Let s = 24 - 7. Let o = 746 + -475. Suppose -3*t = 5*j - 413, o = 3*j - 3*t - t. Calculate the greatest common divisor of s and j.
17
Let b(u) = 6*u**2 - 1. Let w be b(1). Suppose 2*c - 5*t = 55, -4*c + t - w*t = -180. What is the highest common factor of c and 5?
5
Suppose 3*b - 2*p - 193 = 0, 4*b - p - 161 = 93. Calculate the greatest common factor of b and 7.
7
Let a(o) = o**3 - 4*o**2 - 3*o - 1. Let h = 1 + 4. Let d be a(h). Calculate the highest common divisor of 3 and d.
3
Let v be 4 - (4/24 + 680/(-48)). Suppose 9*m - 180 = 4*m. What is the highest common factor of m and v?
18
Let m(i) = i**3 - 2*i**2 - i + 1. Let s be -3*(-1)/2*2. Let b be m(s). Calculate the greatest common divisor of 49 and b.
7
Let n(s) be the first derivative of -s**4/4 - 4*s**3/3 + 5*s**2 + 8*s - 1. Let t be n(-6). What is the greatest common divisor of t and 30?
10
Let c(a) = -4*a + 2. Let b be c(-2). Let r = -6 + b. Let n = -66 + 110. Calculate the highest common divisor of r and n.
4
Suppose -4*w = -27 - 33. Let z(a) = -4*a - 35. Let q be z(-20). What is the highest common factor of w and q?
15
Suppose -2*k - 4*n = -84, n - 90 = -5*k + 111. What is the highest common divisor of 4 and k?
4
Suppose -2*z + 14 = -z. Suppose 109 + 87 = 2*b. What is the greatest common factor of z and b?
14
Let a be 49/7*(-3)/(-3). Suppose -o = w + 4*w - 41, 0 = -o - 2*w + 47. Suppose -3*g = -o - 138. Calculate the highest common divisor of a and g.
7
Let k(s) = 2*s**2 - 3*s - 1. Let j be k(3). Suppose 0 = p - j. What is the highest common divisor of 32 and p?
8
Suppose 2*p + 8 = 4*p. Suppose 4*j - 2*c = 12, -c = -j + c. What is the highest common divisor of p and j?
4
Let i be (-44)/2*(-5 - (-54)/12). What is the greatest common divisor of i and 11?
11
Let f be (-1 - 1) + 12 + -1. Let c = -23 + 23. Let t = c + 6. What is the greatest common divisor of f and t?
3
Let s be 21/4 + 3/(-12). Let v be ((-4)/s)/(10/(-25)). Let d be (3 - v) + 1 - -75. Calculate the highest common factor of 11 and d.
11
Suppose -3*q - 18 = -3*h, 0 = 3*h + 2*h + 2*q - 44. Suppose 0 = 2*w - h - 72. Suppose 0*d = 4*d - w. Calculate the highest common factor of d and 10.
10
Let f be ((-1)/3)/((-4)/612). Suppose 2*m - 27 = f. Let s = m + -23. Calculate the greatest common divisor of s and 8.
8
Let n = -18 + 30. Let w = n + 5. Calculate the highest common factor of 51 and w.
17
Let d(i) = -12 - 12 + 3*i**2 + 7 - 4*i**2. Let z be d(0). Let j = z + 157. Calculate the greatest common divisor of 20 and j.
20
Suppose 66 = j + 30. Calculate the highest common factor of 9 and j.
9
Let o = -4 - -18. What is the greatest common factor of 126 and o?
14
Let i be (2 + (-3)/1)/1. Let b be i/(54/(-26) - -2). What is the highest common factor of b and 91?
13
Let b(a) = 2*a - 8. Let t(m) = -m**2 - 4*m + 8. Let q be t(-4). Let x be b(q). Let k be (-2)/(-5) - 1314/(-15). Calculate the highest common divisor of x and k.
8
Let d be 1/(-2)*0 - -5. Suppose -d*g + 15 = -0*g. Calculate the highest common divisor of g and 12.
3
Suppose 21 - 271 = -5*d. Suppose 5 - d = -r. Suppose v + 30 = h, 4*h - 4*v = -6*v + 120. Calculate the highest common factor of h and r.
15
Let o(v) = -v + 10. Let f be o(8). Suppose -28 - f = -k. What is the greatest common divisor of k and 10?
10
Let x = 10 + -5. Suppose -x*p - t = -355, -4*p + 246 + 24 = -2*t. Suppose -2*h + 88 - 32 = 0. What is the greatest common factor of h and p?
14
Let r(a) = a - 7. Let b be r(3). Let v be b + 6*(3 + 1). Suppose -2*q = 3*q - 20. What is the greatest common divisor of v and q?
4
Let y(p) = -p**2 - 8*p - 3. Let r be y(-4). Calculate the greatest common factor of r and 104.
13
Let x(m) = m**2 + 8*m + 6. Let w be x(-4). Let j be (-48)/w - (-6)/30. What is the highest common divisor of j and 10?
5
Let x(q) = 10*q**2 - 5*q - 1. Let s be x(4). Let z = s + -34. What is the highest common factor of z and 15?
15
Let r(j) = 25*j**3 - j - 1. Let k be r(-1). Let i be 109/5 + (-5)/k. What is the greatest common divisor of 55 and i?
11
Let g be (1/2)/(3/54). Let p be 180/25*60/g. Let s be ((-2)/(-5))/(1/15). Calculate the highest common factor of s and p.
6
Let f(r) = 17*r - 9. Let t be f(8). Suppose -4*d = -v - 350, 2*d - 57 = -4*v + t. What is the greatest common divisor of d and 11?
11
Let t be -5 + 28 + 5/(-1). What is the highest common factor of 6 and t?
6
Let n = -1 + -3. Let j be 172/14 - n/(-14). Suppose h = 2*b + 3*h - 176, 248 = 3*b - h. Calculate the highest common factor of j and b.
12
Let r(q) = q**2 + q + 3. Let f be r(0). Let x(s) = -47*s + 2. Let z be x(f). Let i = -51 - z. Calculate the greatest common divisor of i and 22.
22
Let m(f) = f**2 + 4*f + 7. Let r be m(-2). Calculate the highest common divisor of r and 9.
3
Let h = -2 + 14. Let i = 0 + 5. Suppose -3*p + 31 = x, 4*x - 16 = i*p - 96. What is the hi